{"id":5098,"date":"2018-12-20T11:53:24","date_gmt":"2018-12-20T11:53:24","guid":{"rendered":"https:\/\/www.blendup-webdev.pt\/mototur\/cookie-policy\/"},"modified":"2026-03-27T12:14:50","modified_gmt":"2026-03-27T12:14:50","slug":"cookie-policy","status":"publish","type":"page","link":"https:\/\/www.blendup-webdev.pt\/mototur\/cookie-policy\/","title":{"rendered":"Pol\u00edtica de cookies"},"content":{"rendered":"<p>Este site usa cookies \u2013 pequenos arquivos de texto que s\u00e3o colocados na sua m\u00e1quina para ajudar o site a fornecer uma melhor experi\u00eancia ao utilizador. Em geral, os cookies s\u00e3o usados para reter as prefer\u00eancias do utilizador, armazenar informa\u00e7\u00f5es para itens como carrinhos de compras e fornecer dados de rastreamento an\u00f3nimo para aplicativos de terceiros, como o Google Analytics. Regra geral, os cookies ir\u00e3o melhorar a experi\u00eancia de navega\u00e7\u00e3o. No entanto, pode preferir desativar os cookies neste site e em outros. A maneira mais eficaz de fazer isso \u00e9 desativar os cookies no seu navegador. Sugerimos consultar a se\u00e7\u00e3o de Ajuda do seu navegador que oferece orienta\u00e7\u00e3o para todos os navegadores modernos.<\/p>\n","protected":false},"excerpt":{"rendered":"<p>Este site usa cookies \u2013 pequenos arquivos de texto que s\u00e3o colocados na sua m\u00e1quina para ajudar o site a fornecer uma melhor experi\u00eancia ao utilizador. Em geral, os cookies s\u00e3o usados para reter as prefer\u00eancias do utilizador, armazenar informa\u00e7\u00f5es para itens como carrinhos de compras e fornecer dados de rastreamento an\u00f3nimo para aplicativos de [&hellip;]<\/p>\n","protected":false},"author":4,"featured_media":0,"parent":0,"menu_order":0,"comment_status":"closed","ping_status":"closed","template":"","meta":{"footnotes":""},"class_list":["post-5098","page","type-page","status-publish","hentry"],"_links":{"self":[{"href":"https:\/\/www.blendup-webdev.pt\/mototur\/wp-json\/wp\/v2\/pages\/5098","targetHints":{"allow":["GET"]}}],"collection":[{"href":"https:\/\/www.blendup-webdev.pt\/mototur\/wp-json\/wp\/v2\/pages"}],"about":[{"href":"https:\/\/www.blendup-webdev.pt\/mototur\/wp-json\/wp\/v2\/types\/page"}],"author":[{"embeddable":true,"href":"https:\/\/www.blendup-webdev.pt\/mototur\/wp-json\/wp\/v2\/users\/4"}],"replies":[{"embeddable":true,"href":"https:\/\/www.blendup-webdev.pt\/mototur\/wp-json\/wp\/v2\/comments?post=5098"}],"version-history":[{"count":3,"href":"https:\/\/www.blendup-webdev.pt\/mototur\/wp-json\/wp\/v2\/pages\/5098\/revisions"}],"predecessor-version":[{"id":10249,"href":"https:\/\/www.blendup-webdev.pt\/mototur\/wp-json\/wp\/v2\/pages\/5098\/revisions\/10249"}],"wp:attachment":[{"href":"https:\/\/www.blendup-webdev.pt\/mototur\/wp-json\/wp\/v2\/media?parent=5098"}],"curies":[{"name":"wp","href":"https:\/\/api.w.org\/{rel}","templated":true}]}}