{"id":12384,"date":"2024-11-19T11:06:22","date_gmt":"2024-11-19T11:06:22","guid":{"rendered":"https:\/\/www.blendup-webdev.pt\/mototur\/?post_type=product&#038;p=12384"},"modified":"2024-11-19T11:20:08","modified_gmt":"2024-11-19T11:20:08","slug":"arai-rx7v-evo","status":"publish","type":"product","link":"https:\/\/www.blendup-webdev.pt\/mototur\/produto\/arai-rx7v-evo\/","title":{"rendered":"Arai RX7v  Evo"},"content":{"rendered":"<p>Capacete Arai RX-7V Evo Branco. O novo RX-7V Evo est\u00e1 homologado de acordo com o novo regulamento ECE 22.06. \u00c9 a evolu\u00e7\u00e3o do capacete de corrida Arai RX-7V. A Arai aplicou suas tecnologias mais avan\u00e7adas, como a tela VAS, um sistema de ventila\u00e7\u00e3o avan\u00e7ado e estofamento interior FCS. O conceito R75 Shape consiste em oferecer uma casca externa (estrutura externa) mais resistente, mais arredondada e mais lisa.<\/p>\n","protected":false},"excerpt":{"rendered":"<p>Capacete Integral<\/p>\n","protected":false},"featured_media":12386,"template":"","meta":[],"product_brand":[],"product_cat":[151,170,123,169,168],"product_tag":[],"class_list":{"0":"post-12384","1":"product","2":"type-product","3":"status-publish","4":"has-post-thumbnail","6":"product_cat-arai","7":"product_cat-outlet-capacetes-arai","8":"product_cat-capacete","9":"product_cat-outlet-capacetes","10":"product_cat-outlet","12":"first","13":"instock","14":"sale","15":"taxable","16":"shipping-taxable","17":"purchasable","18":"product-type-simple"},"_links":{"self":[{"href":"https:\/\/www.blendup-webdev.pt\/mototur\/wp-json\/wp\/v2\/product\/12384","targetHints":{"allow":["GET"]}}],"collection":[{"href":"https:\/\/www.blendup-webdev.pt\/mototur\/wp-json\/wp\/v2\/product"}],"about":[{"href":"https:\/\/www.blendup-webdev.pt\/mototur\/wp-json\/wp\/v2\/types\/product"}],"wp:featuredmedia":[{"embeddable":true,"href":"https:\/\/www.blendup-webdev.pt\/mototur\/wp-json\/wp\/v2\/media\/12386"}],"wp:attachment":[{"href":"https:\/\/www.blendup-webdev.pt\/mototur\/wp-json\/wp\/v2\/media?parent=12384"}],"wp:term":[{"taxonomy":"product_brand","embeddable":true,"href":"https:\/\/www.blendup-webdev.pt\/mototur\/wp-json\/wp\/v2\/product_brand?post=12384"},{"taxonomy":"product_cat","embeddable":true,"href":"https:\/\/www.blendup-webdev.pt\/mototur\/wp-json\/wp\/v2\/product_cat?post=12384"},{"taxonomy":"product_tag","embeddable":true,"href":"https:\/\/www.blendup-webdev.pt\/mototur\/wp-json\/wp\/v2\/product_tag?post=12384"}],"curies":[{"name":"wp","href":"https:\/\/api.w.org\/{rel}","templated":true}]}}