{"id":12809,"date":"2025-01-22T17:26:03","date_gmt":"2025-01-22T17:26:03","guid":{"rendered":"https:\/\/www.blendup-webdev.pt\/mototur\/?post_type=product&#038;p=12809"},"modified":"2026-01-17T10:39:35","modified_gmt":"2026-01-17T10:39:35","slug":"blusao-macna-vaulture","status":"publish","type":"product","link":"https:\/\/www.blendup-webdev.pt\/mototur\/produto\/blusao-macna-vaulture\/","title":{"rendered":"Blus\u00e3o Macna Vaulture"},"content":{"rendered":"<p>Blus\u00e3o Multi-esta\u00e7\u00e3o Impermeavel Macna Vaulture<\/p>\n<p>Promo\u00e7\u00e3o v\u00e1lida mediante stock disponivel<\/p>\n","protected":false},"excerpt":{"rendered":"<p>Blus\u00e3o Macna Vaulture<\/p>\n","protected":false},"featured_media":12811,"template":"","meta":[],"product_brand":[],"product_cat":[132,136,138,168],"product_tag":[],"class_list":{"0":"post-12809","1":"product","2":"type-product","3":"status-publish","4":"has-post-thumbnail","6":"product_cat-blusoes","7":"product_cat-blusoes-homem","8":"product_cat-macna-blusoes-homem","9":"product_cat-outlet","11":"first","12":"instock","13":"sale","14":"taxable","15":"shipping-taxable","16":"purchasable","17":"product-type-simple"},"_links":{"self":[{"href":"https:\/\/www.blendup-webdev.pt\/mototur\/wp-json\/wp\/v2\/product\/12809","targetHints":{"allow":["GET"]}}],"collection":[{"href":"https:\/\/www.blendup-webdev.pt\/mototur\/wp-json\/wp\/v2\/product"}],"about":[{"href":"https:\/\/www.blendup-webdev.pt\/mototur\/wp-json\/wp\/v2\/types\/product"}],"wp:featuredmedia":[{"embeddable":true,"href":"https:\/\/www.blendup-webdev.pt\/mototur\/wp-json\/wp\/v2\/media\/12811"}],"wp:attachment":[{"href":"https:\/\/www.blendup-webdev.pt\/mototur\/wp-json\/wp\/v2\/media?parent=12809"}],"wp:term":[{"taxonomy":"product_brand","embeddable":true,"href":"https:\/\/www.blendup-webdev.pt\/mototur\/wp-json\/wp\/v2\/product_brand?post=12809"},{"taxonomy":"product_cat","embeddable":true,"href":"https:\/\/www.blendup-webdev.pt\/mototur\/wp-json\/wp\/v2\/product_cat?post=12809"},{"taxonomy":"product_tag","embeddable":true,"href":"https:\/\/www.blendup-webdev.pt\/mototur\/wp-json\/wp\/v2\/product_tag?post=12809"}],"curies":[{"name":"wp","href":"https:\/\/api.w.org\/{rel}","templated":true}]}}