{"id":14163,"date":"2026-01-15T17:23:24","date_gmt":"2026-01-15T17:23:24","guid":{"rendered":"https:\/\/www.blendup-webdev.pt\/mototur\/?post_type=product&#038;p=14163"},"modified":"2026-01-17T10:36:18","modified_gmt":"2026-01-17T10:36:18","slug":"alpinestars-blusao-stella-t-sps-v2-wp","status":"publish","type":"product","link":"https:\/\/www.blendup-webdev.pt\/mototur\/produto\/alpinestars-blusao-stella-t-sps-v2-wp\/","title":{"rendered":"ALPINESTARS BLUS\u00c3O STELLA T-SPS V2 WP"},"content":{"rendered":"<p>Promo\u00e7\u00e3o v\u00e1lida mediante stock dispon\u00edvel.<\/p>\n","protected":false},"excerpt":{"rendered":"<p>ALPINESTARS BLUS\u00c3O STELLA T-SPS V2 WP<\/p>\n","protected":false},"featured_media":14172,"template":"","meta":[],"product_brand":[224],"product_cat":[225],"product_tag":[],"class_list":{"0":"post-14163","1":"product","2":"type-product","3":"status-publish","4":"has-post-thumbnail","6":"product_brand-alpinestars","7":"product_cat-alpinestars-blusoes-senhora","9":"first","10":"instock","11":"sale","12":"taxable","13":"shipping-taxable","14":"purchasable","15":"product-type-simple"},"_links":{"self":[{"href":"https:\/\/www.blendup-webdev.pt\/mototur\/wp-json\/wp\/v2\/product\/14163","targetHints":{"allow":["GET"]}}],"collection":[{"href":"https:\/\/www.blendup-webdev.pt\/mototur\/wp-json\/wp\/v2\/product"}],"about":[{"href":"https:\/\/www.blendup-webdev.pt\/mototur\/wp-json\/wp\/v2\/types\/product"}],"wp:featuredmedia":[{"embeddable":true,"href":"https:\/\/www.blendup-webdev.pt\/mototur\/wp-json\/wp\/v2\/media\/14172"}],"wp:attachment":[{"href":"https:\/\/www.blendup-webdev.pt\/mototur\/wp-json\/wp\/v2\/media?parent=14163"}],"wp:term":[{"taxonomy":"product_brand","embeddable":true,"href":"https:\/\/www.blendup-webdev.pt\/mototur\/wp-json\/wp\/v2\/product_brand?post=14163"},{"taxonomy":"product_cat","embeddable":true,"href":"https:\/\/www.blendup-webdev.pt\/mototur\/wp-json\/wp\/v2\/product_cat?post=14163"},{"taxonomy":"product_tag","embeddable":true,"href":"https:\/\/www.blendup-webdev.pt\/mototur\/wp-json\/wp\/v2\/product_tag?post=14163"}],"curies":[{"name":"wp","href":"https:\/\/api.w.org\/{rel}","templated":true}]}}