{"id":14186,"date":"2026-01-17T10:58:00","date_gmt":"2026-01-17T10:58:00","guid":{"rendered":"https:\/\/www.blendup-webdev.pt\/mototur\/?post_type=product&#038;p=14186"},"modified":"2026-01-17T12:20:58","modified_gmt":"2026-01-17T12:20:58","slug":"airbag-tech-air-off-road","status":"publish","type":"product","link":"https:\/\/www.blendup-webdev.pt\/mototur\/produto\/airbag-tech-air-off-road\/","title":{"rendered":"Airbag Tech-Air\u00ae Off-Road"},"content":{"rendered":"<p>Tech-Air\u00ae Off-Road \u00e9 um Sistema de Airbag homologado pela FIM, projetado especificamente para lidar com os rigores da pilotagem em Rally e fornecer prote\u00e7\u00e3o incompar\u00e1vel para a parte superior do corpo. Desenvolvido e testado desde 2017, nas condi\u00e7\u00f5es mais dif\u00edceis do Rally Dakar, a corrida off-road mais dura do mundo, o Sistema Tech-Air\u00ae Off-Road oferece a tecnologia de airbag ativo mais avan\u00e7ada para pilotagem off-road. O Sistema Tech-Air\u00ae Off-Road, com o airbag ativo inflado, oferece prote\u00e7\u00e3o completa de N\u00edvel 1 CE para o Peito e as Costas, al\u00e9m de cobertura para os ombros, pesco\u00e7o e clav\u00edculas em caso de acidente. O Sistema \u00e9 integrado com uma Jaqueta de Prote\u00e7\u00e3o Off-Road da Alpinestars que est\u00e1 equipada com uma prote\u00e7\u00e3o passiva completa de N\u00edvel 1 para as costas e membros, prote\u00e7\u00e3o integrada nos bra\u00e7os e um protetor de peito passivo completo de N\u00edvel 2 CE para oferecer aos pilotos prote\u00e7\u00e3o aprimorada contra pedras, detritos e outros obst\u00e1culos que possam encontrar na trilha. Constru\u00eddo para ser resistente o suficiente para enfrentar qualquer terreno, o Sistema vem pr\u00e9-carregado com tr\u00eas Modos de Pilotagem; ENDURO, RALLY e STREET, tornando-o a escolha perfeita para todos os tipos de pilotagem off-road e de rua.<\/p>\n<p>Promo\u00e7\u00e3o v\u00e1lida mediante stock dispon\u00edvel.<\/p>\n","protected":false},"excerpt":{"rendered":"<p>Airbag Tech-Air\u00ae Off-Road<\/p>\n","protected":false},"featured_media":14188,"template":"","meta":[],"product_brand":[224],"product_cat":[199,198],"product_tag":[],"class_list":{"0":"post-14186","1":"product","2":"type-product","3":"status-publish","4":"has-post-thumbnail","6":"product_brand-alpinestars","7":"product_cat-alpinestars","8":"product_cat-protecoes","10":"first","11":"instock","12":"sale","13":"taxable","14":"shipping-taxable","15":"purchasable","16":"product-type-simple"},"_links":{"self":[{"href":"https:\/\/www.blendup-webdev.pt\/mototur\/wp-json\/wp\/v2\/product\/14186","targetHints":{"allow":["GET"]}}],"collection":[{"href":"https:\/\/www.blendup-webdev.pt\/mototur\/wp-json\/wp\/v2\/product"}],"about":[{"href":"https:\/\/www.blendup-webdev.pt\/mototur\/wp-json\/wp\/v2\/types\/product"}],"wp:featuredmedia":[{"embeddable":true,"href":"https:\/\/www.blendup-webdev.pt\/mototur\/wp-json\/wp\/v2\/media\/14188"}],"wp:attachment":[{"href":"https:\/\/www.blendup-webdev.pt\/mototur\/wp-json\/wp\/v2\/media?parent=14186"}],"wp:term":[{"taxonomy":"product_brand","embeddable":true,"href":"https:\/\/www.blendup-webdev.pt\/mototur\/wp-json\/wp\/v2\/product_brand?post=14186"},{"taxonomy":"product_cat","embeddable":true,"href":"https:\/\/www.blendup-webdev.pt\/mototur\/wp-json\/wp\/v2\/product_cat?post=14186"},{"taxonomy":"product_tag","embeddable":true,"href":"https:\/\/www.blendup-webdev.pt\/mototur\/wp-json\/wp\/v2\/product_tag?post=14186"}],"curies":[{"name":"wp","href":"https:\/\/api.w.org\/{rel}","templated":true}]}}