{"id":480,"date":"2025-10-02T14:56:28","date_gmt":"2025-10-02T14:56:28","guid":{"rendered":"https:\/\/www.blendup-webdev.pt\/quinta\/?page_id=480"},"modified":"2025-10-02T17:38:51","modified_gmt":"2025-10-02T17:38:51","slug":"lista-de-animais","status":"publish","type":"page","link":"https:\/\/www.blendup-webdev.pt\/quinta\/lista-de-animais\/","title":{"rendered":"Lista de Animais"},"content":{"rendered":"\n<style type=\"text\/css\" data-created_by=\"avia_inline_auto\" id=\"style-css-av-mg9ju1dw-fe96b6f26faf18ffe577bd85164841a9\">\n.avia-section.av-mg9ju1dw-fe96b6f26faf18ffe577bd85164841a9 .av-parallax .av-parallax-inner{\nbackground-repeat:no-repeat;\nbackground-image:url(https:\/\/www.blendup-webdev.pt\/quinta\/wp-content\/uploads\/2025\/10\/slideshow-qta-hospital-2.png);\nbackground-position:50% 100%;\nbackground-attachment:scroll;\n}\n<\/style>\n<div id='av_section_1'  class='avia-section av-mg9ju1dw-fe96b6f26faf18ffe577bd85164841a9 main_color avia-section-default avia-no-shadow  avia-builder-el-0  el_before_av_textblock  avia-builder-el-first  avia-full-stretch av-parallax-section avia-bg-style-parallax container_wrap sidebar_right'  data-section-bg-repeat='stretch'><div class='av-parallax' data-avia-parallax-ratio='0.3' ><div class='av-parallax-inner main_color avia-full-stretch'><\/div><\/div><div class='container av-section-cont-open' ><main  role=\"main\" itemprop=\"mainContentOfPage\"  class='template-page content  av-content-small alpha units'><div class='post-entry post-entry-type-page post-entry-480'><div class='entry-content-wrapper clearfix'>\n\n<style type=\"text\/css\" data-created_by=\"avia_inline_auto\" id=\"style-css-av-mg9jte1j-174fdeaaa28bc1c9c77636d49b8024d4\">\n#top .av-special-heading.av-mg9jte1j-174fdeaaa28bc1c9c77636d49b8024d4{\npadding-bottom:0;\ncolor:#ffffff;\nfont-size:60px;\n}\nbody .av-special-heading.av-mg9jte1j-174fdeaaa28bc1c9c77636d49b8024d4 .av-special-heading-tag .heading-char{\nfont-size:25px;\n}\n#top #wrap_all .av-special-heading.av-mg9jte1j-174fdeaaa28bc1c9c77636d49b8024d4 .av-special-heading-tag{\nfont-size:60px;\n}\n.av-special-heading.av-mg9jte1j-174fdeaaa28bc1c9c77636d49b8024d4 .special-heading-inner-border{\nborder-color:#ffffff;\n}\n.av-special-heading.av-mg9jte1j-174fdeaaa28bc1c9c77636d49b8024d4 .av-subheading{\nfont-size:18px;\n}\n\n@media only screen and (min-width: 480px) and (max-width: 767px){ \n#top #wrap_all .av-special-heading.av-mg9jte1j-174fdeaaa28bc1c9c77636d49b8024d4 .av-special-heading-tag{\nfont-size:0.8em;\n}\n}\n\n@media only screen and (max-width: 479px){ \n#top #wrap_all .av-special-heading.av-mg9jte1j-174fdeaaa28bc1c9c77636d49b8024d4 .av-special-heading-tag{\nfont-size:0.8em;\n}\n}\n<\/style>\n<div  class='av-special-heading av-mg9jte1j-174fdeaaa28bc1c9c77636d49b8024d4 av-special-heading-h1 custom-color-heading blockquote modern-quote  avia-builder-el-1  avia-builder-el-no-sibling  av-inherit-size'><h1 class='av-special-heading-tag '  itemprop=\"headline\"  >Animais <span class='special_amp'>&amp;<\/span> Quinta do Hospital<\/h1><div class='av_custom_color av-subheading av-subheading_below'><p>Apresentamos a listagem completa e atualizada dos animais da nossa quinta.<\/p>\n<\/div><div class=\"special-heading-border\"><div class=\"special-heading-inner-border\"><\/div><\/div><\/div>\n<\/div><\/div><\/main><!-- close content main element --><\/div><\/div><div id='after_section_1'  class='main_color av_default_container_wrap container_wrap sidebar_right'  ><div class='container av-section-cont-open' ><div class='template-page content  av-content-small alpha units'><div class='post-entry post-entry-type-page post-entry-480'><div class='entry-content-wrapper clearfix'>\n<section  class='av_textblock_section av-mg9jov2h-dac2f2e8530d5f14f20662f5520eb56d '   itemscope=\"itemscope\" itemtype=\"https:\/\/schema.org\/CreativeWork\" ><div class='avia_textblock'  itemprop=\"text\" ><p class=\"p3\">Esta tabela \u00e9 revista periodicamente e cont\u00e9m informa\u00e7\u00f5es como ra\u00e7a, identifica\u00e7\u00e3o, data de nascimento, progenitores e outros detalhes relevantes.<\/p>\n<p class=\"p3\">O objetivo \u00e9 proporcionar uma vis\u00e3o clara e organizada de todos os animais, facilitando a consulta r\u00e1pida e a pesquisa por caracter\u00edsticas espec\u00edficas.<\/p>\n<\/div><\/section>\n<div  class='hr av-90d2g-3238fe5ad429777fa173daed34e2edf5 hr-default  avia-builder-el-3  el_after_av_textblock  el_before_av_textblock '><span class='hr-inner '><span class=\"hr-inner-style\"><\/span><\/span><\/div>\n<section  class='av_textblock_section av-mg9jfwzc-361af1be4d3b1d9f517381e399985647 '   itemscope=\"itemscope\" itemtype=\"https:\/\/schema.org\/CreativeWork\" ><div class='avia_textblock'  itemprop=\"text\" >        <div class=\"wal-table-wrap\" data-excel-url=\"https:\/\/www.blendup-webdev.pt\/quinta\/wp-content\/uploads\/2025\/10\/LISTA-animais-Qta_02.09-dev.xlsx?ver=1759667302\" data-compact-cols=\"NOME,RA\u00c7A,NASCIMENTO, F\/M\" data-default-view=\"completa\" data-enable-filters=\"0\" data-enable-details=\"1\">\n            <div class=\"wal-controls\" style=\"display:none\"><\/div>\n            <div class=\"wal-loading\">A carregar tabela\u2026<\/div>\n            <div class=\"wal-error\" style=\"display:none\"><\/div>\n            <div class=\"wal-table-scroller\" style=\"display:none\">\n                <table class=\"wal-table\" aria-describedby=\"wal-caption\">\n                    <caption id=\"wal-caption\"> <\/caption>\n                    <thead><\/thead>\n                    <tbody><\/tbody>\n                <\/table>\n            <\/div>\n        <\/div>\n        \n<\/div><\/section>\n","protected":false},"excerpt":{"rendered":"","protected":false},"author":1,"featured_media":0,"parent":0,"menu_order":0,"comment_status":"closed","ping_status":"closed","template":"","meta":{"footnotes":""},"class_list":["post-480","page","type-page","status-publish","hentry"],"_links":{"self":[{"href":"https:\/\/www.blendup-webdev.pt\/quinta\/wp-json\/wp\/v2\/pages\/480","targetHints":{"allow":["GET"]}}],"collection":[{"href":"https:\/\/www.blendup-webdev.pt\/quinta\/wp-json\/wp\/v2\/pages"}],"about":[{"href":"https:\/\/www.blendup-webdev.pt\/quinta\/wp-json\/wp\/v2\/types\/page"}],"author":[{"embeddable":true,"href":"https:\/\/www.blendup-webdev.pt\/quinta\/wp-json\/wp\/v2\/users\/1"}],"replies":[{"embeddable":true,"href":"https:\/\/www.blendup-webdev.pt\/quinta\/wp-json\/wp\/v2\/comments?post=480"}],"version-history":[{"count":8,"href":"https:\/\/www.blendup-webdev.pt\/quinta\/wp-json\/wp\/v2\/pages\/480\/revisions"}],"predecessor-version":[{"id":501,"href":"https:\/\/www.blendup-webdev.pt\/quinta\/wp-json\/wp\/v2\/pages\/480\/revisions\/501"}],"wp:attachment":[{"href":"https:\/\/www.blendup-webdev.pt\/quinta\/wp-json\/wp\/v2\/media?parent=480"}],"curies":[{"name":"wp","href":"https:\/\/api.w.org\/{rel}","templated":true}]}}